 r.
31
Let p = 3045 + -2065. What are the prime factors of p?
2, 5, 7
Suppose 0 = 4*b + 3*a + 191, 15 = -b + 4*a - 9. Let z be b/12*24/(-2). Suppose -k - z = -2*k. List the prime factors of k.
2, 11
Let y = -358 + 358. Suppose -4*n = 5*s - 108, 2*n - n = 5*s - 98. Suppose y = 4*h - 6*h + s. List the prime factors of h.
2, 5
Suppose 2291 = j + 5*a, -7*a = 3*j - 5*a - 6899. List the prime factors of j.
3, 13, 59
Let f be ((-15)/(-10))/((-6)/(-784)). Suppose -3*r = 4*s + r - f, 0 = -5*r. List the prime factors of s.
7
Let y(u) = 8*u - 14 - u - 7*u - 7*u. Let o be y(-13). Suppose 5*l - o = 103. What are the prime factors of l?
2, 3
Let o(q) = 4*q - 4. Let z be o(2). Suppose z*a = 9*a - 150. What are the prime factors of a?
2, 3, 5
Let o = -563 - -626. What are the prime factors of o?
3, 7
Suppose -1 = -x - 4*r, 0 = 2*x - 6*r + r - 15. Suppose -4 = x*g - 14. List the prime factors of 1*((2 - g) + 22).
2, 11
Suppose 25*p = 29*p - 240. Suppose 713 = 5*g + 153. Let t = g - p. List the prime factors of t.
2, 13
Let g(m) = 3*m**2 + 2*m + 2. Let y be g(-3). Let w = 33 - y. Suppose 5*z = -w, -2*l + z + 74 + 48 = 0. What are the prime factors of l?
2, 3, 5
Let w(c) = 2*c**3 + 2*c**2 + 2*c + 297. What are the prime factors of w(0)?
3, 11
Let r(b) = -b**3 + b**2 - 3*b + 2. Suppose 5*j - 1 = 14. Let k be r(j). Let n = -5 - k. What are the prime factors of n?
2, 5
Let u(r) = 30*r - r**2 - 2*r**2 - 26*r - 2*r**3 + 2. Let w = -11 - -8. List the prime factors of u(w).
17
Suppose -123137 = -52*l + 3*l. What are the prime factors of l?
7, 359
Let p = 446 - 421. Let l be (10/(-3))/((-2)/48). Let k = l - p. List the prime factors of k.
5, 11
Let c(g) = -29*g + 5. Let z = -82 + 74. List the prime factors of c(z).
3, 79
Suppose 2*n - 8 = 2*o - 30, 0 = -2*n + 3*o - 21. Let t be (-2)/3*54/n. Suppose -t*w = -0*w - 72. What are the prime factors of w?
2, 3
Let b = -14 - -14. Suppose g = -4*g + i + 3, b = -g + 4*i + 12. Suppose -3*m + t - 5 + 59 = g, -t - 73 = -4*m. What are the prime factors of m?
19
Let y = 20 + -17. Suppose -y*k + 50 = -328. What are the prime factors of k?
2, 3, 7
Let g = -1256 - -2136. List the prime factors of g.
2, 5, 11
Let h(d) = -6*d. Let a be h(1). What are the prime factors of (9/a - 218/(-4))*2?
2, 53
Let o(j) be the first derivative of j**4/4 - 13*j**3/3 - 5*j**2/2 - 15*j + 9. List the prime factors of o(14).
3, 37
Let f(w) be the third derivative of -3*w**4/8 + 29*w**3/6 + 27*w**2. List the prime factors of f(-7).
2, 23
Let k = -1432 + 3084. What are the prime factors of k?
2, 7, 59
Suppose -4*k = 72 - 92. Suppose 0 = 5*z - 5*v - 1505, 362 = z - k*v + 73. What are the prime factors of z?
2, 19
Let r(w) = -w**2 + 9*w - 9. Let f be r(7). Suppose -z - f*x + 2 = -47, -5*z = 5*x - 165. Let n = 46 - z. List the prime factors of n.
17
Suppose -450 = -5*k + 4*y, -3*y = -k - 0*y + 79. Suppose 0 = 5*r - 96 - k. List the prime factors of r.
2, 19
Let s = 1942 - 1631. List the prime factors of s.
311
List the prime factors of 7083/18 + 3/6.
2, 197
Suppose 10*o - 9*o - 2515 = 5*w, -2*w = -2*o + 5006. List the prime factors of o.
2, 5
Suppose -57*f + 1102 = 2*m - 52*f, 0 = 3*m - 5*f - 1628. What are the prime factors of m?
2, 3, 7, 13
Suppose 61*t - 80*t = -41382. What are the prime factors of t?
2, 3, 11
Suppose -39479 = -40*a + 26201. List the prime factors of a.
2, 821
Let q = -29 - -33. Suppose -q*d = 16, 3*k - d - 97 = 48. What are the prime factors of k?
47
Let f(p) = 66*p**2 - 16*p + 29. What are the prime factors of f(3)?
5, 23
Suppose -2*c - 8 = g - 4*g, -2 = c - g. Let m(s) = -s - s**3 - 3 + 1 + 4*s - c. What are the prime factors of m(-3)?
2, 7
Let n(b) be the third derivative of -b**6/120 - b**5/30 + b**4/6 - 2*b**3/3 + 2*b**2. What are the prime factors of n(-4)?
2, 3
Let s = 1708 + -890. What are the prime factors of s?
2, 409
Let g = 3765 - 2340. List the prime factors of g.
3, 5, 19
Let t = 13 + -9. Suppose 0 = 2*u + t*x - 16, 2*u + 0*x - x + 9 = 0. Let b = 23 + u. What are the prime factors of b?
3, 7
Suppose -3*c = -0*k + 5*k - 650, -5*c = 4*k - 520. Suppose -2*y = -0*y - k. Suppose 2 - y = -3*a. What are the prime factors of a?
3, 7
Let w = 64 + -62. What are the prime factors of (133 - w) + -2 - -3?
2, 3, 11
Suppose -s - 4*s = 265. Let h = -27 - s. Suppose -7*g = -6*g - h. List the prime factors of g.
2, 13
Suppose 24*q - 29*q = 11900. List the prime factors of 2/(-3) - q/60.
3, 13
Suppose 40 + 60 = 5*j. Let r(f) = f**3 - 20*f**2 + 4*f - 18. What are the prime factors of r(j)?
2, 31
Let v(z) be the first derivative of z - 7 - 1/2*z**2. What are the prime factors of v(-10)?
11
Let s(c) = 3*c**3 + c**2 - 9*c + 35. Let w(p) = -p**3 - p**2 + 5*p - 18. Let x(d) = 3*s(d) + 7*w(d). List the prime factors of x(5).
13
Let r = -3 + 3. Suppose r = -j + 5*c - 9 - 2, 15 = 5*c. List the prime factors of j.
2
Let w(c) = c**2 + 11*c + 1. Suppose 0 = -0*s + 3*s - 12. Let b(j) = j**2 + 12*j + 1. Let q(p) = s*b(p) - 5*w(p). What are the prime factors of q(-6)?
5
Let m be 5 + -1 + -3 + 2. Suppose -m*a + a + 36 = 0. List the prime factors of a.
2, 3
Let x(y) = -y**3 + y**2 + 3*y + 2. Let i(g) = -3*g + 13. Let p be i(5). List the prime factors of x(p).
2
Let n = 1157 + -939. List the prime factors of n.
2, 109
What are the prime factors of (1 - -4) + 0 - -721?
2, 3, 11
Let r(q) = -q**3 - 2*q**2 - 2*q - 1. Let c be r(-2). Let z(x) = x**2 - 3*x + 2. Let k be z(c). What are the prime factors of 7 + 2*k/(-2)?
5
Let k(x) = -x**3 - 38*x**2 + 40*x + 89. What are the prime factors of k(-39)?
2, 5
Let g = 5522 + -2809. What are the prime factors of g?
2713
What are the prime factors of 10/((-60)/(-14958)) - 0/(-3)?
3, 277
Let q(m) = -5*m - 3. Let g be q(-1). Let d(h) = 27*h**2 + h - 2. What are the prime factors of d(g)?
2, 3
Suppose 9*r - 6*r + 12 = 0, -5*r = 4*u - 1600. List the prime factors of u.
3, 5
Let p(k) = 2*k + 14. Let a be p(-4). Suppose -5*q + 195 = -a*q. Let y = -119 - q. What are the prime factors of y?
2, 19
What are the prime factors of ((-1001)/(-21))/(5/15)?
11, 13
Let b = 2 - -2. Let t = -56 - b. What are the prime factors of t/8*(-8)/6?
2, 5
What are the prime factors of 2*-1 + 195 + (-10 - -3)?
2, 3, 31
Suppose -2*t + 238 = 2*q, 2*q = -3*t + 7*q + 397. Let x = 112 + -177. Let r = t + x. List the prime factors of r.
59
Let h be 30*24/21*49/42. Let f be 1/4 - (-2)/(-8). Let z = h - f. List the prime factors of z.
2, 5
Let g be (-8)/36*-3*3. Suppose g*z + z = 0, 0 = 3*s + 2*z - 15. Suppose s*d - 9 = -3*a, -2*a - 3*d + 4 = d. List the prime factors of a.
2
Let t be (-195)/10*(-40)/6. Suppose s - 4*f - t = -2*s, -2 = 2*f. List the prime factors of s.
2, 3, 7
List the prime factors of (0 - -2)*((-74579)/(-34) + 17).
4421
Suppose -25 - 6 = -5*v - g, -4*v - g + 25 = 0. Let c(p) = 6*p**2 + p - v + p - p**3 - p. List the prime factors of c(3).
2, 3
Let d = -241 - -641. What are the prime factors of d?
2, 5
Let v(g) = -2 - 3*g - 5 + 0. Let f be v(-3). What are the prime factors of -3*f*(-10)/15?
2
Let c(h) = 6*h - 9. Let q be c(3). What are the prime factors of (2/(-4)*q)/(1/(-12))?
2, 3
Let p = -2024 + 4405. List the prime factors of p.
2381
Let x = -7 + 10. Let u be 62/14 + (-3)/7. Suppose 4*v - 46 = u*p + 122, -5*p - 136 = -x*v. List the prime factors of v.
37
Suppose -6*u = -u + 345. Let r = u + 124. Suppose -r = -14*o + 13*o. List the prime factors of o.
5, 11
Suppose -11 = -2*d - 27. What are the prime factors of 1/d + (-525)/(-40)?
13
Let y be (-2)/((-3)/2 - -1). Let c = -261 + 261. Suppose 0*p - 2*s + 4 = p, c = -y*p - s + 9. What are the prime factors of p?
2
Let c = -1538 + 2875. What are the prime factors of c?
7, 191
Let h(k) = -4*k + 3. Let d be h(0). What are the prime factors of 73/d + 4/6?
5
Let t be 0*-1*(-2 + 1)*-1. Suppose 2*z - 4*z + 64 = t. List the prime factors of z.
2
Suppose 4*r - 1166 = -2*i, 3*i + 863 = -2*r + 2600. What are the prime factors of i?
577
Let s = 2079 - 1030. What are the prime factors of s?
1049
Let u(i) = i**3 - 9*i**2 + 3*i + 10. Let n be u(6). Let y = 144 + n. What are the prime factors of y?
2
Let s(w) = -5*w + 4. Let z = -2 - -13. Let l be (-2)/z + (-108)/11. What are the prime factors of s(l)?
2, 3
Let a(b) = b**3 + 13*b**2 - 36*b - 19. List the prime factors of a(-10).
641
Let j = 0 - -8. Suppose -3*k +